{"id":98,"date":"2018-06-11T21:40:41","date_gmt":"2018-06-11T19:40:41","guid":{"rendered":"http:\/\/cieagathe.ch\/?page_id=98"},"modified":"2022-02-07T23:48:37","modified_gmt":"2022-02-07T22:48:37","slug":"rachel-fluhmann","status":"publish","type":"page","link":"http:\/\/cieagathe.ch\/index.php\/rachel-fluhmann\/","title":{"rendered":"Rachel Fl\u00fchmann"},"content":{"rendered":"<p style=\"text-align: justify;\"><img loading=\"lazy\" decoding=\"async\" class=\"alignleft\" src=\"http:\/\/cieagathe.ch\/wp-content\/uploads\/2018\/06\/rachel-221x300.jpg\" alt=\"\" width=\"221\" height=\"300\" \/>Alors qu\u2019elle poursuit des \u00e9tudes professionnelles de piano au Conservatoire de la Chaux-de-Fonds, Rachel Fl\u00fchmann entreprend en parall\u00e8le des \u00e9tudes de chant dans la classe de Marie-Lise de Montmollin. Elle obtient son dipl\u00f4me avec mention en 1987. Durant ses \u00e9tudes, elle est appel\u00e9e \u00e0 se produire dans Didon et En\u00e9e de Purcell et dans Carmen de Bizet, o\u00f9 elle tient le r\u00f4le de Merc\u00e8des.<\/p>\n<p style=\"text-align: justify;\">En 1986, elle suit un stage chez Gabriel Baquier et chante V\u00e9ronique de Messager (r\u00f4le d\u2019Agathe), Serenata a tre de Vivaldi, \u00e0 Gen\u00e8ve (r\u00f4le de Nice), Nabucco de Verdi (Fenena) \u00e0 la Chaux-de-Fonds, Belfort et Del\u00e9mont, Tremble-ment de terre \u00e0 Santiago de John Morti-mer \u00e0 Bassecourt, et la Belle H\u00e9l\u00e8ne d\u2019Offenbach \u00e0 la Chaux-de-Fonds, o\u00f9 elle tient\u00a0 le r\u00f4le-titre.<\/p>\n<p style=\"text-align: justify;\">En 1989, elle participe \u00e0 un stage chez Hugues Cuenot. D\u00e8s 1990, elle cr\u00e9\u00e9 sa propre classe de chant et se produit dans divers r\u00e9citals.<\/p>\n<p style=\"text-align: justify;\">En 1992, elle tient le r\u00f4le de la Princesse Jaroslavna du Prince Igor de Borodine, op\u00e9ra produit en tourn\u00e9e dans diff\u00e9-rentes villes de l\u2019Arc jurassien.<\/p>\n<p style=\"text-align: justify;\">En 1993, elle entre au Conservatoire de Fribourg dans la classe de Tiny Westendorp et obtient sa virtuosit\u00e9. Rachel Fl\u00fchmann continue alors \u00e0 se consacrer \u00e0 l\u2019enseignement et donne diff\u00e9rents r\u00e9citals avec le pianiste Olivier S\u00f6rensen.<\/p>\n<p style=\"text-align: justify;\">En 1999, elle est choisie par le Club du Mozambique pour se produire \u00e0 la Chaux-de-Fonds dans un concert d\u2019airs de bel canto et d\u2019op\u00e9ra, avec la cantatrice\u00a0 mozambicaine Stella Mendoza et le t\u00e9nor am\u00e9ricain Mark Jackson.<\/p>\n<p style=\"text-align: justify;\">La m\u00eame ann\u00e9e, elle interpr\u00e9te la partie mezzo-soprano dans le Roi David \u00e0 la Tour-de-Peilz. Elle y a aussi jou\u00e9 le r\u00f4le de la Pythonisse.<\/p>\n<p style=\"text-align: justify;\">Parall\u00e8lement, elle participe \u00e0 la cr\u00e9ation du \u00ab Ch\u0153ur d\u2019hommes \u00bb jurassiens et neuch\u00e2telois, dirig\u00e9 par Philippe Huttenlocher, avec qui elle travaille r\u00e9guli\u00e8rement comme soliste\u00a0 pendant plusieurs ann\u00e9es. Le ch\u0153ur s\u2019est produit pour la premi\u00e8re \u00e0 Porrentruy dans le cadre du Festival du Jura, puis \u00e0 la Chaux-de-Fonds et \u00e0 Couvet. Il y a no-tamment pr\u00e9sent\u00e9 la Rhapsodie de Brahms.<\/p>\n<p style=\"text-align: justify;\">En 2001, elle se perfectionne dans la classe de Denis Hall et met sur pied une tourn\u00e9e de concerts romantiques avec le Ch\u0153ur d\u2019hommes.\u00a0 Elle interpr\u00e8te le r\u00f4le de Tebaldo dans Don Carlos de Verdi, en mars, \u00e0 Neuch\u00e2tel. Elle participe \u00e9gale-ment aux Badener Musikfestwochen en suivant la masterclass de Barbara Martig-T\u00fcller, tout en continuant de se perfectionner avec Bruno Leuschner \u00e0 Berne.<\/p>\n<p style=\"text-align: justify;\">En 2002, elle chante plusieurs \u0153uvres romantiques et notamment la Rhapsodie de Brahms avec le Ch\u0153ur d\u2019hommes, plac\u00e9 sous la direction de Nicolas Farine. Elle poursuit\u00a0 sa formation dans la classe professionnelle de Maria Diaconu au Conservatoire de Gen\u00e8ve.<\/p>\n<p style=\"text-align: justify;\">En 2003, elle interpr\u00e8te \u00e0 nouveau le Roi David sous la direction de Fran\u00e7ois Cattin avec l\u2019orchestre du Conservatoire de la Chaux-de-Fonds.<\/p>\n<p style=\"text-align: justify;\">En 2004,\u00a0 elle donne une s\u00e9rie de r\u00e9ci-tals\u00a0 autour de Brahms avec\u00a0 Nicolas Farine \u00e0 la direction du Ch\u0153ur d\u2019hommes, \u00e0 Saignel\u00e9gier, la Chaux-de-Fonds et Montfaucon. Elle se produit \u00e9galement en duo \u00e0 Saignel\u00e9gier dans un r\u00e9cital en hommage \u00e0 Kurt Weill.<\/p>\n<p style=\"text-align: justify;\">En 2005, elle est l\u2019interpr\u00e8te principale, chanteuse mais \u00e9galement com\u00e9dienne dans La Petite-fille de Brecht, spectacle original \u00e9crit pour elle et mis en sc\u00e8ne par Charles Joris et dirig\u00e9 par Nicolas Farine, sur des musiques de Kurt Weill. Cr\u00e9\u00e9 en novembre 2005 \u00e0 Saignel\u00e9gier, ce spectacle a tourn\u00e9 en Suisse et en France jusqu\u2019en f\u00e9vrier 2007.<\/p>\n<p style=\"text-align: justify;\">Avec la m\u00eame \u00e9quipe, Rachel Fl\u00fchmann a produit le spectacle<\/p>\n<p style=\"text-align: justify;\">Mahagonny\u00a0Songspiel, pr\u00e9c\u00e9d\u00e9 du Cabaret de quat\u2019sous, toujours sur des musiques de Kurt Weill. Ce spectacle est repr\u00e9sent\u00e9 en premi\u00e8re suisse, en f\u00e9vrier 2007, au Th\u00e9\u00e2tre Populaire Romand de la Chaux-de-Fonds.<\/p>\n<p style=\"text-align: justify;\">Entre 2007 et 2009, elle cr\u00e9\u00e9 divers programmes de r\u00e9cital et recentre son activit\u00e9 autour de l\u2019enseignement.<\/p>\n<p style=\"text-align: justify;\">En mai 2010, elle chantera avec ensemble instrumental un programme d\u2019airs de Haendel lors des journ\u00e9es europ\u00e9ennes des sites clunisiens \u00e0 Corcelles. Puis en juin 2010, elle se produira en duo avec la soprano Virginie Kraif, accompagn\u00e9e de l\u2019orchestre de la Chaux-de-Fonds dans un programme d\u2019airs d\u2019op\u00e9ras baroques et classiques.<\/p>\n<p style=\"text-align: justify;\">En 2011, elle travaille sous la direction de Claude Surdez pour une cr\u00e9ation de Bert Apermont.<\/p>\n<p style=\"text-align: justify;\">En 2012, toujours sous la direction de Claude Surdez, elle participe \u00e0 une tourn\u00e9e pour le Requiem de Karl Jenkins qui aboutit \u00e0 la Cath\u00e9drale de Gen\u00e8ve.<\/p>\n<p style=\"text-align: justify;\"><img loading=\"lazy\" decoding=\"async\" style=\"text-align: justify;\" src=\"http:\/\/cieagathe.ch\/wp-content\/uploads\/2018\/06\/RACHEL2-230x300.jpg\" alt=\"\" width=\"230\" height=\"300\" \/><\/p>\n<p style=\"text-align: justify;\">En 2012 encore, elle a chant\u00e9 une cr\u00e9ation de Pascal Nicolet avec l\u2019orchestre de chambre de la Chaux-de-Fonds, dir : P.-H. Ducommun.<\/p>\n<p style=\"text-align: justify;\">D\u00e8s 2011, elle travaille sur un projet musico-th\u00e9\u00e2tral, Doubles Faces, qui aboutira \u00e0 une premi\u00e8re au th\u00e9\u00e2tre ABC en janvier 2013. Ce spectacle tournera en 2013.<\/p>\n<p style=\"text-align: justify;\">En 2014-15 s\u00e9ries de tourn\u00e9es avec le spectacle Doubles Faces avec le metteur en sc\u00e8ne Yves Robert et L\u2019Atelier Lyrique (atelier de chant r\u00e9unissant chanteurs professionnels et amateurs).<\/p>\n<p style=\"text-align: justify;\">En 2015 -2016 cet Atelier s\u2019est produit \u00e0 Gen\u00e8ve et \u00e0 La Salle de musique de La Chaux-de-Fonds sous la direction de Nicolas Farine.<\/p>\n<p style=\"text-align: justify;\">Rachel Fl\u00fchmann y participe en tant que chanteuse.<\/p>\n<p style=\"text-align: justify;\">Divers concerts et r\u00e9citals sont pr\u00e9vus pour L\u2019Atelier Lyrique, ainsi qu\u2019un nou-veau r\u00e9cital\u00a0 autour de la musique espa-gnole (trio) Amour et Jalousie, r\u00e9unissant la soprano Virginie Kraif et la pianiste Christelle Matthey.<\/p>\n<p style=\"text-align: justify;\">2016 Elle participe avec son choeur de jeunes \u00e9tudiants de L\u2019Ester (Cifom) \u00e0 la cr\u00e9ation du Festival de musique d\u2019\u00e9t\u00e9 de Corcelles-Cormondr\u00e8che.<\/p>\n<p style=\"text-align: justify;\">2016-2017 Production de l\u2019Atelier dans un programme autour du Requiem de Mozart et du Dialogue des Carm\u00e9lites dans une tourn\u00e9e dans le canton de Neuch\u00e2tel.<\/p>\n<p style=\"text-align: justify;\">En F\u00e9vrier 2017 Rachel Fl\u00fchmann chante La Petite Messe Solennelle de Rossini sous la direction de Fran\u00e7ois Cattin.<\/p>\n<p style=\"text-align: justify;\">2017-2018 Cr\u00e9ation de :VOCES MOVENTES<\/p>\n<p style=\"text-align: justify;\">Un nouveau programme de L\u2019Atelier Ly-rique, musique baroque et danse ur-baine en co-production avec le th\u00e9\u00e2tre ABC et l\u2019ensemble Histoire de Musique. Projet de tourn\u00e9e.<\/p>\n","protected":false},"excerpt":{"rendered":"<p>Alors qu\u2019elle poursuit des \u00e9tudes professionnelles de piano au Conservatoire de la Chaux-de-Fonds, Rachel Fl\u00fchmann entreprend en parall\u00e8le des \u00e9tudes de chant dans la classe de Marie-Lise de Montmollin. Elle obtient son dipl\u00f4me avec mention en 1987. Durant ses \u00e9tudes,<\/p>\n","protected":false},"author":1,"featured_media":0,"parent":0,"menu_order":0,"comment_status":"closed","ping_status":"closed","template":"","meta":{"footnotes":""},"class_list":["post-98","page","type-page","status-publish","hentry"],"_links":{"self":[{"href":"http:\/\/cieagathe.ch\/index.php\/wp-json\/wp\/v2\/pages\/98","targetHints":{"allow":["GET"]}}],"collection":[{"href":"http:\/\/cieagathe.ch\/index.php\/wp-json\/wp\/v2\/pages"}],"about":[{"href":"http:\/\/cieagathe.ch\/index.php\/wp-json\/wp\/v2\/types\/page"}],"author":[{"embeddable":true,"href":"http:\/\/cieagathe.ch\/index.php\/wp-json\/wp\/v2\/users\/1"}],"replies":[{"embeddable":true,"href":"http:\/\/cieagathe.ch\/index.php\/wp-json\/wp\/v2\/comments?post=98"}],"version-history":[{"count":4,"href":"http:\/\/cieagathe.ch\/index.php\/wp-json\/wp\/v2\/pages\/98\/revisions"}],"predecessor-version":[{"id":184,"href":"http:\/\/cieagathe.ch\/index.php\/wp-json\/wp\/v2\/pages\/98\/revisions\/184"}],"wp:attachment":[{"href":"http:\/\/cieagathe.ch\/index.php\/wp-json\/wp\/v2\/media?parent=98"}],"curies":[{"name":"wp","href":"https:\/\/api.w.org\/{rel}","templated":true}]}}

Rachel Flühmann

<p style="text-align: justify;"><img loading="lazy" decoding="async" class="alignleft" src="http://cieagathe.ch/wp-content/uploads/2018/06/rachel-221x300.jpg" alt="" width="221" height="300" />Alors qu’elle poursuit des études professionnelles de piano au Conservatoire de la Chaux-de-Fonds, Rachel Flühmann entreprend en parallèle des études de chant dans la classe de Marie-Lise de Montmollin. Elle obtient son diplôme avec mention en 1987. Durant ses études, elle est appelée à se produire dans Didon et Enée de Purcell et dans Carmen de Bizet, où elle tient le rôle de Mercèdes.</p>
<p style="text-align: justify;">En 1986, elle suit un stage chez Gabriel Baquier et chante Véronique de Messager (rôle d’Agathe), Serenata a tre de Vivaldi, à Genève (rôle de Nice), Nabucco de Verdi (Fenena) à la Chaux-de-Fonds, Belfort et Delémont, Tremble-ment de terre à Santiago de John Morti-mer à Bassecourt, et la Belle Hélène d’Offenbach à la Chaux-de-Fonds, où elle tient  le rôle-titre.</p>
<p style="text-align: justify;">En 1989, elle participe à un stage chez Hugues Cuenot. Dès 1990, elle créé sa propre classe de chant et se produit dans divers récitals.</p>
<p style="text-align: justify;">En 1992, elle tient le rôle de la Princesse Jaroslavna du Prince Igor de Borodine, opéra produit en tournée dans diffé-rentes villes de l’Arc jurassien.</p>
<p style="text-align: justify;">En 1993, elle entre au Conservatoire de Fribourg dans la classe de Tiny Westendorp et obtient sa virtuosité. Rachel Flühmann continue alors à se consacrer à l’enseignement et donne différents récitals avec le pianiste Olivier Sörensen.</p>
<p style="text-align: justify;">En 1999, elle est choisie par le Club du Mozambique pour se produire à la Chaux-de-Fonds dans un concert d’airs de bel canto et d’opéra, avec la cantatrice  mozambicaine Stella Mendoza et le ténor américain Mark Jackson.</p>
<p style="text-align: justify;">La même année, elle interpréte la partie mezzo-soprano dans le Roi David à la Tour-de-Peilz. Elle y a aussi joué le rôle de la Pythonisse.</p>
<p style="text-align: justify;">Parallèlement, elle participe à la création du « Chœur d’hommes » jurassiens et neuchâtelois, dirigé par Philippe Huttenlocher, avec qui elle travaille régulièrement comme soliste  pendant plusieurs années. Le chœur s’est produit pour la première à Porrentruy dans le cadre du Festival du Jura, puis à la Chaux-de-Fonds et à Couvet. Il y a no-tamment présenté la Rhapsodie de Brahms.</p>
<p style="text-align: justify;">En 2001, elle se perfectionne dans la classe de Denis Hall et met sur pied une tournée de concerts romantiques avec le Chœur d’hommes.  Elle interprète le rôle de Tebaldo dans Don Carlos de Verdi, en mars, à Neuchâtel. Elle participe égale-ment aux Badener Musikfestwochen en suivant la masterclass de Barbara Martig-Tüller, tout en continuant de se perfectionner avec Bruno Leuschner à Berne.</p>
<p style="text-align: justify;">En 2002, elle chante plusieurs œuvres romantiques et notamment la Rhapsodie de Brahms avec le Chœur d’hommes, placé sous la direction de Nicolas Farine. Elle poursuit  sa formation dans la classe professionnelle de Maria Diaconu au Conservatoire de Genève.</p>
<p style="text-align: justify;">En 2003, elle interprète à nouveau le Roi David sous la direction de François Cattin avec l’orchestre du Conservatoire de la Chaux-de-Fonds.</p>
<p style="text-align: justify;">En 2004,  elle donne une série de réci-tals  autour de Brahms avec  Nicolas Farine à la direction du Chœur d’hommes, à Saignelégier, la Chaux-de-Fonds et Montfaucon. Elle se produit également en duo à Saignelégier dans un récital en hommage à Kurt Weill.</p>
<p style="text-align: justify;">En 2005, elle est l’interprète principale, chanteuse mais également comédienne dans La Petite-fille de Brecht, spectacle original écrit pour elle et mis en scène par Charles Joris et dirigé par Nicolas Farine, sur des musiques de Kurt Weill. Créé en novembre 2005 à Saignelégier, ce spectacle a tourné en Suisse et en France jusqu’en février 2007.</p>
<p style="text-align: justify;">Avec la même équipe, Rachel Flühmann a produit le spectacle</p>
<p style="text-align: justify;">Mahagonny Songspiel, précédé du Cabaret de quat’sous, toujours sur des musiques de Kurt Weill. Ce spectacle est représenté en première suisse, en février 2007, au Théâtre Populaire Romand de la Chaux-de-Fonds.</p>
<p style="text-align: justify;">Entre 2007 et 2009, elle créé divers programmes de récital et recentre son activité autour de l’enseignement.</p>
<p style="text-align: justify;">En mai 2010, elle chantera avec ensemble instrumental un programme d’airs de Haendel lors des journées européennes des sites clunisiens à Corcelles. Puis en juin 2010, elle se produira en duo avec la soprano Virginie Kraif, accompagnée de l’orchestre de la Chaux-de-Fonds dans un programme d’airs d’opéras baroques et classiques.</p>
<p style="text-align: justify;">En 2011, elle travaille sous la direction de Claude Surdez pour une création de Bert Apermont.</p>
<p style="text-align: justify;">En 2012, toujours sous la direction de Claude Surdez, elle participe à une tournée pour le Requiem de Karl Jenkins qui aboutit à la Cathédrale de Genève.</p>
<p style="text-align: justify;"><img loading="lazy" decoding="async" style="text-align: justify;" src="http://cieagathe.ch/wp-content/uploads/2018/06/RACHEL2-230x300.jpg" alt="" width="230" height="300" /></p>
<p style="text-align: justify;">En 2012 encore, elle a chanté une création de Pascal Nicolet avec l’orchestre de chambre de la Chaux-de-Fonds, dir : P.-H. Ducommun.</p>
<p style="text-align: justify;">Dès 2011, elle travaille sur un projet musico-théâtral, Doubles Faces, qui aboutira à une première au théâtre ABC en janvier 2013. Ce spectacle tournera en 2013.</p>
<p style="text-align: justify;">En 2014-15 séries de tournées avec le spectacle Doubles Faces avec le metteur en scène Yves Robert et L’Atelier Lyrique (atelier de chant réunissant chanteurs professionnels et amateurs).</p>
<p style="text-align: justify;">En 2015 -2016 cet Atelier s’est produit à Genève et à La Salle de musique de La Chaux-de-Fonds sous la direction de Nicolas Farine.</p>
<p style="text-align: justify;">Rachel Flühmann y participe en tant que chanteuse.</p>
<p style="text-align: justify;">Divers concerts et récitals sont prévus pour L’Atelier Lyrique, ainsi qu’un nou-veau récital  autour de la musique espa-gnole (trio) Amour et Jalousie, réunissant la soprano Virginie Kraif et la pianiste Christelle Matthey.</p>
<p style="text-align: justify;">2016 Elle participe avec son choeur de jeunes étudiants de L’Ester (Cifom) à la création du Festival de musique d’été de Corcelles-Cormondrèche.</p>
<p style="text-align: justify;">2016-2017 Production de l’Atelier dans un programme autour du Requiem de Mozart et du Dialogue des Carmélites dans une tournée dans le canton de Neuchâtel.</p>
<p style="text-align: justify;">En Février 2017 Rachel Flühmann chante La Petite Messe Solennelle de Rossini sous la direction de François Cattin.</p>
<p style="text-align: justify;">2017-2018 Création de :VOCES MOVENTES</p>
<p style="text-align: justify;">Un nouveau programme de L’Atelier Ly-rique, musique baroque et danse ur-baine en co-production avec le théâtre ABC et l’ensemble Histoire de Musique. Projet de tournée.</p>

<p>Alors qu’elle poursuit des études professionnelles de piano au Conservatoire de la Chaux-de-Fonds, Rachel Flühmann entreprend en parallèle des études de chant dans la classe de Marie-Lise de Montmollin. Elle obtient son diplôme avec mention en 1987. Durant ses études,</p>
